{"id":596,"date":"2024-11-29T15:36:22","date_gmt":"2024-11-29T15:36:22","guid":{"rendered":"https:\/\/malditodestino.com\/?page_id=596"},"modified":"2024-12-15T21:04:05","modified_gmt":"2024-12-15T21:04:05","slug":"politicas-de-privacidad","status":"publish","type":"page","link":"https:\/\/malditodestino.com\/?page_id=596","title":{"rendered":"Aviso legal (condiciones generales y pol\u00edticas de privacidad)"},"content":{"rendered":"<p><strong>Malditodestino.com<\/strong>&nbsp;es un dominio de Internet registrada por&nbsp;<strong>la organizaci\u00f3n*.<\/strong><\/p><p>La utilizaci\u00f3n por el usuario de los servicios contenidos en la p\u00e1gina web de&nbsp;<strong>Malditodestino.com<\/strong>&nbsp; implica la aceptaci\u00f3n expresa de todas y cada una de las siguientes condiciones generales as\u00ed como la aceptaci\u00f3n de todas y cada una de las pol\u00edticas propias y condiciones de los diferentes prestadores de servicios que facilitan los servicios contratados.<\/p><p><strong><u>Definiciones<\/u><\/strong><br>Los t\u00e9rminos del contrato deber\u00e1n entenderse de acuerdo a las siguientes definiciones:<\/p><p>&nbsp;\u201c<strong>Malditodestino.com<\/strong>\u201d: dominio registrado por La organizaci\u00f3n. &nbsp;<\/p><p>\u201cCliente\/ Usuario \u201d: Se entender\u00e1 por cliente aquella persona que reserva uno o m\u00e1s servicios de los que se ofrecen en nuestra p\u00e1gina web.<\/p><p>\u201cServicios\u201d: Se entiende por servicio cualquier prestaci\u00f3n ofrecida por <strong>Malditodestino.com<\/strong> en su sitio web.<\/p><p>\u201cSitio web\u201d: Se entiende la p\u00e1gina web www.malditodestino.com<\/p><p>\u201cProveedor o prestador de servicios\u201d: Hace referencia a los proveedores de servicios de la organizaci\u00f3n, tales como agencia de viajes, empresas de ocio y otros.<\/p><p>&nbsp;<strong>La organizaci\u00f3n<\/strong> queda facultada para modificar las presentes Condiciones Generales en cualquier momento y sin previo aviso, no obstante, estos cambios no afectar\u00e1n a las contrataciones que haya aceptado con anterioridad a la modificaci\u00f3n. Por este motivo, se recomienda al cliente que lea, guarde e imprima una copia de las presentes Condiciones Generales al formalizar su reserva.<\/p><p><strong><u>Capacidad legal para contratar<\/u><\/strong><br>El usuario declara que es mayor de edad (mayor de 18 a\u00f1os) y que dispone de la capacidad legal necesaria para contratar los servicios ofrecidos<\/p><p>por&nbsp;<strong>Malditodestino.com<\/strong><\/p><p>El usuario acepta el presente acuerdo y entiende y acepta en su totalidad las condiciones para el uso del sitio web y de los servicios ofrecidos.<br>*La Organizaci\u00f3n: Claudia Casal Pasquin DNI 48108823E C\/reus 11, 08320 El Masnou (Barcelona) reservas@malditodestino.com<\/p><p>*Prestador de servicios:<\/p><p>Evento: Fin de semana en Port Ain\u00e9<\/p><p>SnowDaysPallars,S.L CIF: B25856212 Avda Generalitat,1 2\u00ba-2\u00aa Rialp 25594 Lleida<\/p><p>SnowDaysPallars,S.L., dispone de los permisos y licencias necesarias para el ejercicio de las actividades propias de una agencia de viajes. Nuestra agencia tiene contratados los seguros de responsabilidad civil que le permitir\u00edan hacer frente a las responsabilidades derivadas de cualquiera de nuestros viajes.<\/p><p><strong><u>Condiciones de contrataci\u00f3n<\/u><\/strong><\/p><p>La contrataci\u00f3n de un viaje ofrecido por <strong>Malditodestino.com<\/strong> implica el conocimiento y aceptaci\u00f3n expresa de las presentes Condiciones Generales. Asimismo, la contrataci\u00f3n de un servicio tur\u00edstico concreto ofrecido por los proveedores de viajes combinados que figuran en&nbsp;<strong>Malditodestino.com<\/strong> implica la aceptaci\u00f3n expl\u00edcita de las condiciones particulares y pol\u00edticas de contrataci\u00f3n del proveedor en cuesti\u00f3n.<\/p><p>La contrataci\u00f3n de un servicio implica la aceptaci\u00f3n expresa de las pol\u00edticas y condiciones particulares que cada proveedor de servicios establezca. En particular, el cliente acepta quedar sometido a las condiciones establecidas por cada proveedor de servicios, en especial en todo aquello referido a normas de conducta, derecho de admisi\u00f3n, higiene, seguridad y buena convivencia entre hu\u00e9spedes y\/o clientes.<\/p><p>En caso de conflicto, discordancia o incoherencia entre las presentes Condiciones Generales y los T\u00e9rminos y Condiciones Especiales de cada oferta, prevalecer\u00e1n \u00e9stos \u00faltimos.<\/p><p><strong><u>Reservas<\/u><\/strong><\/p><p>Cuando el usuario efect\u00faa su reserva a trav\u00e9s de la p\u00e1gina web&nbsp;<strong>Malditodestino.com<\/strong>, la reserva no quedar\u00e1 formalizada hasta que no se realice el ingreso total de los servicios contratados.<\/p><p>En caso de no realizar el pago de los servicios al momento de formalizar la reserva, se entender\u00e1 como no realizada.<\/p><p>Cuando el pago de la reserva se efect\u00fae mediante tarjeta de cr\u00e9dito\/d\u00e9bito, la entidad financiera que act\u00faa como intermediaria en la transacci\u00f3n genera un c\u00f3digo asociado a la operaci\u00f3n y a la tarjeta con la que se ha efectuado el pago.<\/p><p>La confirmaci\u00f3n de una reserva ser\u00e1 enviada por&nbsp;<strong>Malditodestino.com<\/strong> al cliente mediante correo electr\u00f3nico en el que figurar\u00e1n los elementos esenciales del contrato como lo son los servicios y productos contratados, el precio y la fecha de disfrute del servicio.<\/p><p><strong>Comunicaciones<\/strong><\/p><p>El cliente acepta de forma expresa que las comunicaciones efectuadas por las partes se realicen a trav\u00e9s del correo electr\u00f3nico \/ mensajes de texto, WhatsApp al correo y\/ o n\u00famero indicado por el propio cliente.<br><strong><u>Veracidad de los datos<\/u><\/strong><br>El usuario\/ cliente declara que toda la informaci\u00f3n suministrada en todo momento es veraz, completa y precisa. El usuario\/ cliente &nbsp;que reserva \/ contrata un servicio &nbsp;autoriza expresamente a malidotdestino.com a tratar sus datos personales mediante un fichero automatizado de su titularidad con la finalidad de la gesti\u00f3n de los servicios contratados y para fines comerciales posteriores.<\/p><p><strong><u>Pol\u00edtica de privacidad de los datos<\/u><\/strong><\/p><p>De conformidad con lo dispuesto en el REGLAMENTO (UE) 2016\/679 DEL PARLAMENTO EUROPEO Y DEL CONSEJO de 27 de abril de 2016 relativo a la protecci\u00f3n de las personas f\u00edsicas en lo que respecta al tratamiento de datos personales y a la libre circulaci\u00f3n de estos datos y por el que se deroga la Directiva 95\/46\/CE as\u00ed como a la Ley Org\u00e1nica 3\/2018, de 5 de diciembre, de Protecci\u00f3n de Datos Personales y garant\u00eda de los derechos digitales, le informamos de que sus datos ser\u00e1n incluidos en un fichero automatizado que se halla protegido con las medidas t\u00e9cnicas necesarias para evitar su alteraci\u00f3n o p\u00e9rdida. Se indica que el responsable del tratamiento es Claudia Casal Pasquin DNI 48108823E C\/reus 11, 08320 El Masnou (Barcelona)<\/p><p>Los datos recogidos serna datos de contacto y los datos necesarios para la gesti\u00f3n de los servicios contratados, tales como nombre, DNI, pasaporte, Edad, n\u00famero de tel\u00e9fono y direcci\u00f3n de correo electr\u00f3nico, nombre de acompa\u00f1antes.<br>La finalidad del tratamiento es la gesti\u00f3n de las reservas y de los servicios contratados, cumplimiento de obligaciones legales, asi como futuras acciones comerciales<\/p><p>Los datos se encuentran en servidores dentro del espacio econ\u00f3mico europeo.<\/p><p>La legitimaci\u00f3n del tratamiento se basa en la ejecuci\u00f3n del contrato, el consentimiento del interesado y el inter\u00e9s leg\u00edtimo.<\/p><p>Malditodestino.com ceder\u00e1 sus datos de car\u00e1cter personal con el proveedor de servicios que el cliente contrate en cada caso. El cliente \/ usuario acepta esta cesi\u00f3n de datos y autoriza de forma expresa a Malditodestino.com para que pueda proceder a la comunicaci\u00f3n de los datos personales del cliente que ser\u00e1n utilizados por el proveedor de servicios con la estricta y \u00fanica finalidad del buen desarrollo de la prestaci\u00f3n contratada.<\/p><p>Sus datos ser\u00e1n conservados con fines comerciales mientras no se oponga a ello.<br>Puede ejercer sus derechos de acceso, rectificaci\u00f3n, oposici\u00f3n (supresi\u00f3n), limitaci\u00f3n y\/o modificaci\u00f3n as\u00ed como a la portabilidad mediante el env\u00edo de correo electr\u00f3nico a: reservas@malditodestino.com &nbsp;o bien mediante correo postal dirigido al domicilio social anteriormente referido.<\/p><p>Tambi\u00e9n puede realizar una reclamaci\u00f3n a la agencia espa\u00f1ola de protecci\u00f3n de datos<\/p><p><strong><u>&nbsp;Pol\u00edtica de cancelaci\u00f3n<\/u><\/strong><br>No procede el derecho de desistimiento en la adquisici\u00f3n de servicios de alojamiento distintos a los destinados a vivienda de acuerdo con lo dispuesto en el art\u00edculo 103 de la Ley de Consumidores y Usuarios, el cliente tendr\u00e1 derecho a modificar y\/o cancelar su reserva quedando sujetas ambas facultades a lo dispuesto en las presentes Condiciones Generales de la Contrataci\u00f3n y lo establecido en las Condiciones Particulares de cada evento.<\/p><p><strong><u>Precios e Impuestos<\/u><\/strong><\/p><p>Si nada se dice en contrario, los precios que se muestran en la oferta visible al cliente son los precios finales por persona y estancia (IVA incluido) que el usuario deber\u00e1 abonar<\/p><p>Las autoridades locales de ciertas Comunidades Aut\u00f3nomas y ciertos pa\u00edses pueden gravar impuestos tur\u00edsticos adicionales que deber\u00e1n pagarse en el lugar donde se realice el viaje.<\/p><p>Las ofertas expuestas en la p\u00e1gina web indicar\u00e1n todos los conceptos incluidos en la reserva, por consiguiente, cualquier otro servicio no detallado en la oferta se entender\u00e1 como no incluido y no formar\u00e1 parte del contrato.<\/p><p><strong><u>Uso de cookies<\/u><\/strong><\/p><p>En&nbsp;<strong>Malditodestino.com<\/strong> utilizamos cookies para recoger informaci\u00f3n de los usuarios y de esta manera mejorar su experiencia de navegaci\u00f3n con nosotros.<\/p><p>Una cookie es un peque\u00f1o archivo donde se almacena informaci\u00f3n en su navegador o dispositivo. Esta informaci\u00f3n se guarda para pr\u00f3ximas visitas que realices a la p\u00e1gina web ya que se registra la actividad del usuario durante el tiempo de navegaci\u00f3n.<\/p><p>Esta informaci\u00f3n se utiliza para agilizar y facilitar la navegaci\u00f3n del usuario.<\/p><p>Para m\u00e1s informaci\u00f3n relativa a la utilizaci\u00f3n y la desactivaci\u00f3n de las cookies puede visitar nuestro apartado.<\/p><p><strong><u>Jurisdicci\u00f3n<\/u><\/strong><br>De las posibles controversias que pudieran derivarse de la interpretaci\u00f3n y\/o cumplimiento del presente contrato conocer\u00e1n los juzgados y tribunales Matar\u00f3.<\/p>","protected":false},"excerpt":{"rendered":"<p>Malditodestino.com&nbsp;es un dominio de Internet registrada por&nbsp;la organizaci\u00f3n*. La utilizaci\u00f3n por el usuario de los servicios contenidos en la p\u00e1gina web de&nbsp;Malditodestino.com&nbsp; implica la aceptaci\u00f3n expresa de todas y cada una de las siguientes condiciones generales as\u00ed como la aceptaci\u00f3n de todas y cada una de las pol\u00edticas propias y condiciones de los diferentes prestadores&#8230;<\/p>\n","protected":false},"author":1,"featured_media":0,"parent":0,"menu_order":0,"comment_status":"closed","ping_status":"closed","template":"","meta":{"_kad_post_transparent":"","_kad_post_title":"","_kad_post_layout":"","_kad_post_sidebar_id":"","_kad_post_content_style":"","_kad_post_vertical_padding":"","_kad_post_feature":"","_kad_post_feature_position":"","_kad_post_header":false,"_kad_post_footer":false,"footnotes":""},"class_list":["post-596","page","type-page","status-publish","hentry"],"jetpack_sharing_enabled":true,"_links":{"self":[{"href":"https:\/\/malditodestino.com\/index.php?rest_route=\/wp\/v2\/pages\/596","targetHints":{"allow":["GET"]}}],"collection":[{"href":"https:\/\/malditodestino.com\/index.php?rest_route=\/wp\/v2\/pages"}],"about":[{"href":"https:\/\/malditodestino.com\/index.php?rest_route=\/wp\/v2\/types\/page"}],"author":[{"embeddable":true,"href":"https:\/\/malditodestino.com\/index.php?rest_route=\/wp\/v2\/users\/1"}],"replies":[{"embeddable":true,"href":"https:\/\/malditodestino.com\/index.php?rest_route=%2Fwp%2Fv2%2Fcomments&post=596"}],"version-history":[{"count":3,"href":"https:\/\/malditodestino.com\/index.php?rest_route=\/wp\/v2\/pages\/596\/revisions"}],"predecessor-version":[{"id":678,"href":"https:\/\/malditodestino.com\/index.php?rest_route=\/wp\/v2\/pages\/596\/revisions\/678"}],"wp:attachment":[{"href":"https:\/\/malditodestino.com\/index.php?rest_route=%2Fwp%2Fv2%2Fmedia&parent=596"}],"curies":[{"name":"wp","href":"https:\/\/api.w.org\/{rel}","templated":true}]}}